t z be -4*15*5/(-15). Suppose -2*k - 2*k - 2*i = -378, 3*k + 4*i - 296 = 0. Suppose -k = -6*m - z. Calculate the greatest common divisor of m and 36.
12
Let x = 89 + -84. Suppose x*h = 0, -3*f - 5*h + 3 = -18. Let c be (-1 - f)*(0 - (-9)/(-2)). What is the highest common divisor of c and 48?
12
Let g = -174 + 177. Suppose 1124 = 2*v - z, -353 - 1336 = -g*v + 3*z. What is the greatest common factor of 66 and v?
33
Let w(i) be the first derivative of -i**4/4 + 2*i**3 - 5*i**2/2 + 14*i - 403. Let c be w(5). Suppose 6 = h - 1. What is the highest common divisor of h and c?
7
Let w(g) = 36*g + 1792. Let r be w(63). What is the highest common factor of 56 and r?
28
Let c(d) = -d**2 + 23*d + 146. Let l(q) = -q**3 - 3*q**2 + 6*q - 46. Let o be l(-6). Let k be c(o). Calculate the greatest common divisor of 119 and k.
17
Suppose 311 = 8*b + 23. Suppose 35*r - b*r = -161. Calculate the highest common factor of 14 and r.
7
Let v = 2976 - 2544. What is the highest common factor of 4176 and v?
144
Suppose -94*s - 792 = -98*s. What is the greatest common factor of s and 550?
22
Suppose -4*k = -5*f - 3*k + 24559, 2*f = 3*k + 9834. Suppose 0 = 42*y - 1641 - f. Calculate the highest common divisor of y and 48.
12
Let y be (-1100)/(-500) - (-14553)/35. Let m = 26 + 12. What is the highest common divisor of y and m?
38
Let s = -118 + 4924. Calculate the highest common factor of 178 and s.
178
Let n(v) = -59*v - 129. Suppose o - j = -9, o + 3*o + 27 = j. Let y be n(o). What is the greatest common factor of y and 30?
15
Let u be (-98)/(-3*(-5)/(-15)). Suppose -73 = -9*s + u. Let m(k) = k**3 - 19*k**2 + 19. Let n be m(s). What is the greatest common divisor of n and 152?
19
Suppose 0 = -3*u + 3*z + 4614, -30*z = -26*z + 20. Calculate the highest common divisor of u and 28.
7
Suppose 230*b + 1308 = 242*b. Calculate the greatest common factor of b and 24743.
109
Let a(d) = -14 - 3*d - 11 + 2*d + 3*d. Let v be a(-5). Let p = v + 38. What is the highest common divisor of p and 3?
3
Let a(f) = -3*f**3 - 13*f**2 - 10*f - 28. Let i be a(-5). Suppose 3*p + p = i. Suppose k - 2 = 7. What is the highest common divisor of p and k?
9
Let w be 1/(2/1)*(56 - 15152)/(-34). What is the greatest common factor of 4551 and w?
111
Suppose -2*j + 83 = 5*f - 3*j, 0 = 3*f + 2*j - 42. Let i = -12 + f. Suppose -i*z - 42 = -7*z. Calculate the highest common factor of 154 and z.
14
Let y(z) = z**2 + 3*z + 2. Let b be y(-2). Suppose k + 4*l - 42 - 13 = b, -2*l - 60 = -2*k. What is the highest common divisor of k and 560?
35
Suppose -6573 - 42676 = -89*t - 11068. Let w(l) = 10*l**2 - 1. Let b be w(-2). What is the greatest common factor of b and t?
39
Let w = -7153 + 10364. What is the highest common factor of 76 and w?
19
Let z be (-4)/34 - 34430/(-187). Suppose -68 - z = -3*x. What is the greatest common factor of x and 294?
42
Let i = 210 - 214. Let x(z) = -2*z**3 - 7*z**2 - 4*z + 2. Let b be x(i). What is the highest common divisor of 374 and b?
34
Suppose 0 = -2*w + 2*q + 1143 + 107, 0 = 5*w - 4*q - 3124. Calculate the greatest common divisor of w and 102.
6
Suppose 0 = -560*r + 558*r + 608. Suppose 104 = -20*l + r. Calculate the greatest common divisor of l and 190.
10
Let n be 13/117*-6*-18*2/3. What is the highest common divisor of n and 1000?
8
Let c(w) be the second derivative of -1/3*w**3 + 7/12*w**4 + 0 - 1/20*w**5 - 26*w + 0*w**2. Let r be c(6). Calculate the highest common divisor of 3 and r.
3
Suppose 0 = -5*x - 15*x - 0*x + 6420. What is the greatest common factor of 3 and x?
3
Let w = -500 - -327. Let v = w - -429. What is the highest common factor of 8 and v?
8
Let o be 13/(65/350) - -2. Suppose -15*i + 3*i + o = 0. What is the greatest common factor of i and 2?
2
Let m(n) = -8 - 7 - n**2 - 8 + 21 - 14*n. Suppose f = 4*d + 20, -3*f + 6 = 3*d + 36. Let i be m(d). Calculate the greatest common factor of i and 506.
46
Suppose 4*f - 6 = -2*z, 3*z - 20 = -2*f + 9. Suppose -24*y + 297 = -z*y. Calculate the highest common factor of y and 135.
27
Let r(m) = m**2 - 39*m + 78. Let j be r(37). Suppose -8*y + k + 269 = -3*y, 4*y - 212 = j*k. Calculate the greatest common divisor of y and 189.
27
Let n be 290/15*(4 + 2 - 3). Let y(h) = h**3 - 13*h**2 - 26*h - 33. Let z be y(16). Calculate the highest common factor of z and n.
29
Let t be (1/2)/(6/12). Suppose 0 = 3*d - t - 5. Let c = 6763 + -6749. Calculate the greatest common divisor of c and d.
2
Suppose 10*m = 5*m - 10. Let c be ((-136)/10)/(m/10). What is the highest common factor of 4 and c?
4
Suppose -158*d + 139*d = -3116. What is the greatest common divisor of 3362 and d?
82
Suppose -325 = -34*t + 15. What is the highest common divisor of t and 40?
10
Suppose 3*r - 23 = -2*w, -40*w + 61 = -35*w + 4*r. Suppose 15*q = 2159 + 3496. Calculate the greatest common divisor of w and q.
13
Suppose 5*w - 105 = -0*w. Let c be 20/((-560)/(-28)) - (-48 - 0). What is the greatest common factor of w and c?
7
Let i(m) = m**3 + 2*m**2 + 4*m + 6. Let o be i(0). Let f be 4/(-3)*(-27)/o. Suppose f*b = -28 + 64. Calculate the highest common factor of b and 3.
3
Let b be 5 + -6 + 349*(0 - -6 - 5). Let n be (1 - 0 - -1) + 10. What is the greatest common factor of n and b?
12
Suppose 0 = -5*r + 20, -162*r = -3*y - 157*r - 2. Calculate the highest common factor of y and 130.
2
Let y = 255 + -172. Suppose 25 = 4*r - y. Let a = 42 - r. Calculate the highest common divisor of a and 45.
15
Let k(c) = 12*c**3 - 29*c**2 - 4*c - 4. Let d be k(10). What is the highest common divisor of d and 32?
32
Suppose -5*t - 79 = -3*y, 5*t = 4*y - 2*y - 51. Suppose p + 1066 = 2*z, 4*z + 4*p = 11054 - 8934. Calculate the highest common divisor of y and z.
28
Let a(t) = -t**2 - 7*t - 2. Let g be a(-4). Let j be (-1040)/(-416) + (-255)/(-2). Calculate the highest common factor of j and g.
10
Suppose u = -4*x + 121, 214*u - 216*u - x + 249 = 0. Calculate the greatest common factor of u and 175.
25
Let v(w) = w**3 + 4*w**2 + 4*w + 7. Let d be v(-5). Let b = d + 121. Let k = b + -75. What is the greatest common factor of k and 8?
8
Let p(l) = 7*l + 4. Let q be p(-3). Let n = 33 + q. Suppose 0 = 3*g - r - 48, -5*g + 3*r = -78 - 2. Calculate the greatest common factor of n and g.
16
Let i(w) = -78*w - 481. Let k be i(-8). Calculate the greatest common divisor of 1144 and k.
143
Let z(g) = g**2 + 32*g - 86. Let n be z(-28). Let u = -192 - n. Suppose 0 = r + 3*r - 408. Calculate the greatest common divisor of u and r.
6
Let c(t) = t**3 - 11*t**2 - 4*t - 5. Let q be c(13). Let j = q + -257. What is the greatest common factor of 152 and j?
8
Suppose -258 = -5*n - 4*u, -5*n + n - u = -202. Suppose 42*p - n*p - 896 = 0. Let l be (p/12)/(1/(-3)). What is the highest common divisor of 196 and l?
28
Let x(n) = 393*n - 798. Let h be x(14). What is the highest common divisor of h and 448?
224
Let r be 24/(-684)*-19 - 1964/(-6). Suppose 4*b - 2*l = 162, 5*b = -l + 2*l + 204. Calculate the greatest common factor of r and b.
41
Let l = -635 + 614. Let y(x) = x**2 + 23*x + 71. Let z be y(l). What is the highest common divisor of z and 116?
29
Let b(k) = 7*k**3 + k**2 + 5*k. Let a be b(4). Let j be (5 - 23 - -21) + (45 - 4). Calculate the highest common factor of j and a.
44
Let f be (927/(-2) - 2)*(-13)/78*12. What is the highest common divisor of 57 and f?
19
Let p be ((-45)/30)/(3/(-248)). Calculate the greatest common factor of p and 3038.
62
Let r(o) = -o**3 + 143*o**2 - 3704*o + 194. Let x be r(109). What is the highest common factor of x and 60?
4
Let p be (-8)/20 + 5089/(-70)*-2. Calculate the greatest common factor of 25 and p.
5
Let a = 23 - 11. Suppose -x + a = -12. Suppose 51*m - 1267 = -14*m - 487. What is the greatest common factor of m and x?
12
Let q = 12510 + -12485. Calculate the greatest common divisor of 1445 and q.
5
Let k = -21 - -15. Let a be 3/k + (-74)/(-4). Let w = 338 - 194. What is the greatest common factor of w and a?
18
Suppose -1196*x = -1206*x + 620. What is the highest common divisor of 899 and x?
31
Let u = 163 - -661. What is the greatest common divisor of u and 168?
8
Let l(n) = 0 - 7*n + 2 + 4 + n**2. Let t be l(8). Suppose 132*p - 630 = 253*p - 139*p. What is the highest common factor of t and p?
7
Suppose 6*f + 6200 = 2324. Let d = 946 + f. What is the hi